21022111121
In base 13, what is -70 + -2c41?
-2cb1
In base 7, what is 102403 + 0?
102403
In base 16, what is -4 - 1971a?
-1971e
In base 10, what is -1981591 - -5?
-1981586
In base 15, what is -28 - 652?
-67a
In base 6, what is -254 + -1355?
-2053
In base 5, what is -3 + 123422?
123414
In base 4, what is 3 - -200310?
200313
In base 13, what is 4 + -35195?
-35191
In base 7, what is -35134 - -3?
-35131
In base 5, what is -140422 - 10?
-140432
In base 7, what is -4 - 26234?
-26241
In base 11, what is -12 + -2a7a?
-2a91
In base 11, what is -3 + 1404a?
14047
In base 5, what is -144231123 + 10?
-144231113
In base 14, what is -36c + 14?
-358
In base 8, what is 77 - 30531?
-30432
In base 4, what is -20211 + -133000?
-213211
In base 15, what is 370 - -2e?
39e
In base 13, what is a - 292a9?
-2929c
In base 2, what is 0 + 1110100101110?
1110100101110
In base 9, what is -30828 + -5?
-30834
In base 11, what is 2229 + -194?
2045
In base 6, what is -14 + 1140?
1122
In base 3, what is 21010 - -1010220?
1102000
In base 2, what is 1 - -11110110110010000?
11110110110010001
In base 4, what is -3213220 - -11?
-3213203
In base 10, what is -1353 + -70?
-1423
In base 15, what is 8 - -38b4?
38bc
In base 9, what is 18 + -37660?
-37641
In base 6, what is -55 + -53414?
-53513
In base 11, what is -52 - -38a?
338
In base 3, what is 1020100 - -1?
1020101
In base 6, what is -2140 + -1250?
-3430
In base 6, what is -342200 + 0?
-342200
In base 12, what is -4a - -2?
-48
In base 3, what is 121112220 + 101?
121120021
In base 14, what is -4 + -64559?
-6455d
In base 10, what is 2 + -166025?
-166023
In base 9, what is -6 - 5608?
-5615
In base 13, what is 6bc8 - -12?
6c0a
In base 7, what is -52163 - 132?
-52325
In base 14, what is -5dddc + 1?
-5dddb
In base 9, what is 11431 - -23?
11454
In base 2, what is -100 + 1110001101111000?
1110001101110100
In base 12, what is 126 - 2b9?
-193
In base 13, what is -853 - -119?
-737
In base 10, what is -226 + -9956?
-10182
In base 11, what is 2 - -7830?
7832
In base 8, what is -13627 - 33?
-13662
In base 7, what is -256 - 26301?
-26560
In base 11, what is -16 - -1616?
1600
In base 14, what is -29a5c - -2b?
-29a31
In base 6, what is 13 - -4133?
4150
In base 4, what is 1233223 - -2?
1233231
In base 10, what is -28163 + -4?
-28167
In base 16, what is ba - 414?
-35a
In base 7, what is 145 + 136642?
140120
In base 2, what is 100 - -100110000100110?
100110000101010
In base 4, what is 20311 + -2313?
11332
In base 7, what is -2432 + 25?
-2404
In base 7, what is -1543 - 151?
-2024
In base 16, what is -8 - -8b2b1?
8b2a9
In base 16, what is -3c13 + b?
-3c08
In base 11, what is 1a036 - 12?
1a024
In base 4, what is -232 + -233021?
-233313
In base 3, what is -1122 + -1021212?
-1100111
In base 14, what is -9 - 370a?
-3715
In base 5, what is 4334 + 4?
4343
In base 15, what is 60b1 + -4?
60ac
In base 11, what is -8 + -a47?
-a54
In base 10, what is 4 - -203905?
203909
In base 8, what is 2771 - 24?
2745
In base 16, what is 5 + c768?
c76d
In base 8, what is -3 - -23336?
23333
In base 13, what is 2050 - 1a6?
1b77
In base 14, what is 2 - 21517?
-21515
In base 14, what is -771 - -6?
-769
In base 12, what is -38a5 + 383?
-3522
In base 9, what is 2513175 + 2?
2513177
In base 3, what is 1012 - 2200201022?
-2200200010
In base 9, what is 3 - -14240?
14243
In base 4, what is -1122 - -2313?
1131
In base 9, what is -13 - 151?
-164
In base 3, what is -1100 + -11002220?
-11011020
In base 5, what is -114 - -13024?
12410
In base 14, what is 224 - -35?
259
In base 3, what is 1 + -20212122122?
-20212122121
In base 15, what is -1c993 - -3?
-1c990
In base 16, what is -45e4 + 10?
-45d4
In base 9, what is 668306 - 3?
668303
In base 16, what is 4 + -269e?
-269a
In base 5, what is -41103 - 2421?
-44024
In base 11, what is -45 - -13a9?
1364
In base 14, what is -5 - -33c0d?
33c08
In base 7, what is 26 + 5211?
5240
In base 9, what is 21410 + 2?
21412
In base 11, what is 17a8908 + 4?
17a8911
In base 3, what is 1210 - -212?
2122
In base 10, what is 2 - -546139?
546141
In base 6, what is 300 - 1122?
-422
In base 13, what is -c792 - 5?
-c797
In base 2, what is -111110110100100010 - -11?
-111110110100011111
In base 6, what is -132153 + 30?
-132123
In base 10, what is -1 + -25786?
-25787
In base 7, what is 133651 + -13?
133635
In base 10, what is -1653 - 10?
-1663
In base 11, what is -9 + 229298?
22928a
In base 12, what is 387 + -1bb7?
-1830
In base 11, what is -327 + -538?
-864
In base 3, what is 1122110 - -200101?
2022211
In base 4, what is -2 + 22202230?
22202222
In base 12, what is -a510 - 6?
-a516
In base 14, what is 33 - -7348?
737b
In base 15, what is 1b6d7 - 1a?
1b6bc
In base 13, what is -8 - 18474b?
-184756
In base 12, what is 51 + -251?
-200
In base 16, what is ac + 279?
325
In base 7, what is 3141 - 4320?
-1146
In base 8, what is -1016705 - 11?
-1016716
In base 5, what is 3 - -101403?
101411
In base 12, what is -1b74 + 4?
-1b70
In base 6, what is 2 + 1223?
1225
In base 15, what is 2eac8 + 5?
2eacd
In base 6, what is 125243 + 154?
125441
In base 8, what is 15 - 10016?
-10001
In base 4, what is -121 - -101121?
101000
In base 3, what is -2 - -20221111000?
20221110221
In base 5, what is 123 + 14213?
14341
In base 7, what is -1 + 1204635?
1204634
In base 11, what is -1703 + -15?
-1718
In base 13, what is -11b - -5a0c?
58c1
In base 5, what is -3 - 12412212?
-12412220
In base 5, what is -211 + 1100401?
1100140
In base 10, what is -4 + -10331?
-10335
In base 3, what is 100222 + 10012?
111011
In base 8, what is -2 + 6445150?
6445146
In base 11, what is 2 + 447a5?
447a7
In base 9, what is 1127 - -1052?
2180
In base 11, what is 578 - 249?
32a
In base 13, what is -33768 + 1?
-33767
In base 2, what is -111101011010 - -1010?
-111101010000
In base 7, what is 233610 - 2?
233605
In base 12, what is 77a + -19?
761
In base 9, what is 13263 - 452?
12711
In base 11, what is 882 - 318?
565
In base 7, what is 3 + 236540?
236543
In base 7, what is 43654 - 6?
43645
In base 9, what is 320 + -7637?
-7317
In base 5, what is 100441 + 204?
101200
In base 16, what is -b - -4207?
41fc
In base 12, what is -10 - -89?
79
In base 6, what is 420 - 22454?
-22034
In base 12, what is 0 + 16b0a9?
16b0a9
In base 13, what is -10 - 7364?
-7374
In base 9, what is 601881 - 4?
601876
In base 7, what is -300660 - 42?
-301032
In base 6, what is -15 - -1153504?
1153445
In base 3, what is 1110121 - 1022?
1102022
In base 7, what is 4362 - -1116?
5511
In base 5, what is 0 + -1112342?
-1112342
In base 5, what is 2123 + -41?
2032
In base 9, what is -78 - 2803?
-2882
In base 15, what is -81e - 586?
-da5
In base 7, what is -3165 - 602?
-4100
In base 5, what is -12321414 + -114?
-12322033
In base 9, what is -36 + -40038?
-40075
In base 15, what is -1 - 10a7?
-10a8
In base 14, what is -6840 - -22?
-681c
In base 2, what is -110010001110 + -10100?
-110010100010
In base 11, what is 4 - 235373?
-23536a
In base 13, what is 1cc1b - 39?
1cbb2
In base 12, what is -44065 + 2?
-44063
In base 11, what is -3 - -37856?
37853
In base 12, what is -12a - 158?
-286
In base 15, what is -d19e + 1?
-d19d
In base 7, what is 3 - 123402?
-123366
In base 5, what is -101 - 224031?
-224132
In base 8, what is 2 - 344425?
-344423
In base 13, what is -3040 + -22?
-3062
In base 12, what is b6a + 1876?
2824
In base 10, what is 62291 - 31?
62260
In base 8, what is 4 + 2277170?
2277174
In base 12, what is -6 - -86ba?
86b4
In base 6, what is 3335555 - -4?
3340003
In base 2, what is -10001011011011000 - -10001?
-10001011011000111
In base 10, what is -117697 - 3?
-117700
In base 7, what is 3 + -4531015?
-4531012
In base 14, what is 332c - 2?
332a
In base 10, what is 58955 - -3?
58958
In base 15, what is d326 - -16?
d33c
In base 9, what is 3 + 636372?
636375
In base 5, what is 2 + -3010331?
-3010324
In base 16, what is -3 + 27c0?
27bd
In base 12, what is -4039a - -8?
-40392
In base 2, what is 1 - -1000001001111?
1000001010000
In base 4, what is -10 - 231200231?
-231200301
In base 15, what is -16 + 915?
8ee
In base 7, what is -3 - -250525?
250522
In base 2, what is -10010101000 - 101?
-10010101101
In base 14, what is 279 - 233?
46
In base 6, what is -2413403 + 3?
-2413400
In base 6, what is 4 + 3401544?
3401552
In base 5, what is -10 + -12444024?
-12444034
In base 4, what is 1301